 2904557500.
2, 5, 13, 89371
What are the prime factors of 512070903?
3, 6321863
What are the prime factors of 5873709603?
3, 113, 17326577
List the prime factors of 21492209.
4327, 4967
List the prime factors of 886352144.
2, 55397009
List the prime factors of 4317978872.
2, 539747359
List the prime factors of 142753168.
2, 53, 71, 2371
List the prime factors of 1155563428.
2, 37, 73, 106957
What are the prime factors of 1393408300?
2, 5, 13934083
List the prime factors of 4393568.
2, 31, 43, 103
List the prime factors of 53696857.
53696857
List the prime factors of 1244388488.
2, 7, 3391, 6553
List the prime factors of 2675240437.
79, 33863803
List the prime factors of 4572054990.
2, 3, 5, 839, 20183
List the prime factors of 560685152.
2, 307, 57073
What are the prime factors of 2738513431?
2738513431
What are the prime factors of 26146713?
3, 967, 9013
List the prime factors of 7720260156.
2, 3, 7, 30635953
List the prime factors of 306359969.
281, 1090249
List the prime factors of 2715239700.
2, 3, 5, 23, 131171
What are the prime factors of 1443092360?
2, 5, 281, 128389
List the prime factors of 131502486.
2, 3, 3361, 6521
What are the prime factors of 105241418?
2, 19, 2769511
List the prime factors of 13088751.
3, 13, 335609
List the prime factors of 2923231910.
2, 5, 5323, 54917
What are the prime factors of 686683563?
3, 79, 269, 10771
What are the prime factors of 8067000?
2, 3, 5, 2689
List the prime factors of 18256443.
3, 71, 85711
List the prime factors of 50846638.
2, 227, 111997
List the prime factors of 204960745.
5, 11, 3726559
What are the prime factors of 41436602?
2, 149, 211, 659
What are the prime factors of 1999039486?
2, 17, 58795279
List the prime factors of 1086597459.
3, 120733051
What are the prime factors of 463818977?
157, 307, 9623
List the prime factors of 597020622.
2, 3, 11, 19, 29, 16417
What are the prime factors of 2297741125?
5, 367, 50087
What are the prime factors of 31365197?
373, 84089
List the prime factors of 30583477.
30583477
What are the prime factors of 30412941?
3, 13, 157, 4967
List the prime factors of 76459650.
2, 3, 5, 509731
List the prime factors of 1682435357.
197, 8540281
What are the prime factors of 4240531869?
3, 7, 11719, 17231
List the prime factors of 1017729620.
2, 5, 71, 163, 4397
What are the prime factors of 309410012?
2, 77352503
List the prime factors of 1049091462.
2, 3, 103, 719, 787
What are the prime factors of 108896743?
23, 271, 17471
List the prime factors of 53117380.
2, 5, 1229, 2161
List the prime factors of 162407184.
2, 3, 47, 193, 373
List the prime factors of 1176105.
3, 5, 7, 23, 487
List the prime factors of 604687592.
2, 173, 436913
What are the prime factors of 3262283945?
5, 19, 107, 487, 659
What are the prime factors of 289537492?
2, 7879, 9187
List the prime factors of 19580720.
2, 5, 244759
What are the prime factors of 5705277001?
113, 827, 61051
What are the prime factors of 272909506?
2, 136454753
What are the prime factors of 20963767?
11, 1905797
List the prime factors of 1111692932.
2, 7, 43, 923333
What are the prime factors of 1141914062?
2, 570957031
What are the prime factors of 115649329?
4201, 27529
List the prime factors of 257832307.
257832307
What are the prime factors of 239018995?
5, 257, 186007
What are the prime factors of 1714222429?
3761, 455789
List the prime factors of 54216094.
2, 17, 479, 3329
What are the prime factors of 51082390?
2, 5, 5108239
What are the prime factors of 3486449983?
991, 3518113
What are the prime factors of 63216466?
2, 23, 1374271
What are the prime factors of 82127640?
2, 3, 5, 7, 97771
What are the prime factors of 85133317?
53, 1606289
What are the prime factors of 118274985?
3, 5, 292037
List the prime factors of 53561596.
2, 11, 1217309
List the prime factors of 449107335.
3, 5, 1108907
List the prime factors of 347186450.
2, 5, 13, 71, 7523
What are the prime factors of 64090790?
2, 5, 41, 156319
What are the prime factors of 7038144042?
2, 3, 67, 97, 199, 907
List the prime factors of 79555003.
11, 71, 101863
What are the prime factors of 115160192?
2, 7, 43, 61
What are the prime factors of 1485646621?
6563, 226367
What are the prime factors of 10778154?
2, 3, 881, 2039
What are the prime factors of 619351073?
11, 79, 712717
What are the prime factors of 17032242?
2, 3, 79, 35933
What are the prime factors of 23107689?
3, 11, 101, 2311
What are the prime factors of 606632808?
2, 3, 59, 191, 2243
List the prime factors of 50183763.
3, 7, 103, 23201
List the prime factors of 3633925.
5, 137, 1061
What are the prime factors of 4461360651?
3, 11, 45064249
What are the prime factors of 23801904?
2, 3, 7, 17, 463
List the prime factors of 2256744283.
2256744283
List the prime factors of 168899362.
2, 61, 67, 20663
What are the prime factors of 14896077?
3, 7, 709337
What are the prime factors of 3662727684?
2, 3, 7, 11, 3963991
What are the prime factors of 137435455?
5, 19, 1446689
List the prime factors of 3357753940.
2, 5, 97, 443, 3907
What are the prime factors of 23641047?
3, 47, 55889
List the prime factors of 181341172.
2, 45335293
List the prime factors of 45880926.
2, 3, 7, 13, 17, 4943
List the prime factors of 1205728477.
31, 167, 232901
List the prime factors of 100139995.
5, 20027999
List the prime factors of 630842657.
630842657
List the prime factors of 579962054.
2, 7, 41425861
List the prime factors of 421227345.
3, 5, 7, 11, 364699
List the prime factors of 1233183844.
2, 31, 1489, 6679
What are the prime factors of 9581062?
2, 101, 47431
List the prime factors of 51453250.
2, 5, 29, 47, 151
List the prime factors of 435788500.
2, 5, 7, 89, 1399
List the prime factors of 85622903.
85622903
List the prime factors of 2963982882.
2, 3, 7, 59, 1196119
What are the prime factors of 163233508?
2, 40808377
List the prime factors of 334201985.
5, 13, 719, 7151
List the prime factors of 45668358.
2, 3, 17, 8779
What are the prime factors of 676384498?
2, 338192249
What are the prime factors of 58268994?
2, 3, 7, 1387357
List the prime factors of 90350754.
2, 3, 13, 109, 10627
What are the prime factors of 15184166?
2, 2099, 3617
List the prime factors of 105014543.
163, 644261
List the prime factors of 311885640.
2, 3, 5, 11, 2917
What are the prime factors of 971681653?
971681653
List the prime factors of 464592369.
3, 154864123
What are the prime factors of 155965190?
2, 5, 29, 537811
List the prime factors of 51639264.
2, 3, 19, 9437
What are the prime factors of 43579418?
2, 21789709
List the prime factors of 83067584.
2, 349, 3719
What are the prime factors of 19392898?
2, 7, 137, 10111
List the prime factors of 104690709.
3, 17, 617, 1109
List the prime factors of 317813643.
3, 7, 31, 162731
List the prime factors of 1487733032.
2, 185966629
List the prime factors of 1161449632.
2, 7, 19, 53, 271
What are the prime factors of 22773929?
2053, 11093
List the prime factors of 238807508.
2, 31, 1925867
What are the prime factors of 292395790?
2, 5, 2549, 11471
List the prime factors of 81561620.
2, 5, 7, 31, 18793
List the prime factors of 178202995.
5, 19, 1875821
List the prime factors of 3647919463.
3647919463
List the prime factors of 187156152.
2, 3, 23, 113017
What are the prime factors of 186193959?
3, 7, 197, 45007
What are the prime factors of 205400333?
509, 403537
List the prime factors of 1023855020.
2, 5, 103, 497017
List the prime factors of 589187584.
2, 1150757
List the prime factors of 1521345216.
2, 3, 113, 70121
What are the prime factors of 1034935484?
2, 11, 23521261
List the prime factors of 3566335043.
47, 75879469
What are the prime factors of 3958838264?
2, 251, 809, 2437
What are the prime factors of 157410667?
17, 9259451
What are the prime factors of 387778580?
2, 5, 7, 67, 41341
What are the prime factors of 31034274?
2, 3, 5172379
List the prime factors of 63625425.
3, 5, 281, 3019
List the prime factors of 1230103248.
2, 3, 11, 1439, 1619
What are the prime factors of 157983544?
2, 47, 89, 4721
List the prime factors of 517037251.
31, 16678621
What are the prime factors of 495496354?
2, 247748177
List the prime factors of 5044515592.
2, 691, 912539
What are the prime factors of 410596417?
7, 11, 79, 67499
List the prime factors of 867842589.
3, 289280863